13
Suppose -892514 = -261*y + 187*y. What are the prime factors of y?
7, 1723
Suppose 2*o - 2*t = 27552, -2*o + 5*t + 16417 = -11150. List the prime factors of o.
47, 293
Let u = 319 - 223. Let m = 183 + u. What are the prime factors of m?
3, 31
Let j(r) = 29*r**2 - 27*r + 185. List the prime factors of j(14).
17, 19
Suppose 2*q + 18119 = 2*m - 5829, -2*q + 2 = 0. What are the prime factors of m?
5, 479
Suppose -5*p + 2*t + 105 = 0, -2*p + t + 59 = 17. Suppose -p*u = -29*u + 2752. List the prime factors of u.
2, 43
Let d(b) = 2*b**2 + 43*b + 44. Let z = 191 + -224. What are the prime factors of d(z)?
11, 73
Let t(o) = 8*o**2 - 80*o + 3237. What are the prime factors of t(59)?
5, 5273
Let t be 5/(140/(-7))*-28. What are the prime factors of t/2*(15 + -1)?
7
Suppose 0 = 3*o + 4*x - 7, -2*o = 2*x + x - 5. Suppose 2*w = 4*n + 174, 257*w = 258*w - 3*n - 90. Suppose w = 5*t + o. List the prime factors of t.
2
Suppose 3*u - 22 = -2*h + 8, 0 = 5*u + 4*h - 50. Let y be (14/(-6) + 1)*21/(-14). Suppose -4*g + y = -u. What are the prime factors of g?
3
Let h(r) = -r**3 - 34*r**2 + 26*r - 98. Let k = 206 + -241. List the prime factors of h(k).
7, 31
Suppose -41*b + 30*b + 462 = 0. Let o(q) = 86*q**2 + 2*q - 1. Let x be o(1). Let u = b + x. What are the prime factors of u?
3, 43
Suppose -3*o = -4*k + 9, 0 = 4*k - k - 2*o - 6. Let p be (1 + k)*(-2 + 155). Let q = p + -52. What are the prime factors of q?
101
Suppose 42*q = 31*q. Suppose q = 5*z - 2 + 7, 2*r - 1279 = -5*z. List the prime factors of r.
2, 3, 107
Let f = 36 - 31. Suppose f = -3*y + 11. Suppose 4*d - 4 = y*d, 5*o - 82 = -d. What are the prime factors of o?
2
Let x = -13160 + 19571. What are the prime factors of x?
3, 2137
Suppose 0 = -43*i + 45*i - 10*k - 85688, 5*i = -3*k + 214108. List the prime factors of i.
2, 53, 101
Suppose 5*x - 1 - 14 = 0. Suppose -n = m + 120, 3*n = -0 - x. Let k = m + 178. List the prime factors of k.
59
Let r be 1 + (15 - 4) + 3. Suppose -4*q - 55 = -r*q. Suppose -5*y = -10, 2*y - 32 = -q*d + 32. List the prime factors of d.
2, 3
Let n be (-69)/21 - 2/(-7). Let v = -537 - -541. List the prime factors of v - (n - (-4 - -11)).
2, 7
Suppose 4*j - 14*y - 37247 = -11*y, -2*j = 2*y - 18648. List the prime factors of j.
7, 11
Suppose -3*o = -127 - 1055. Suppose i - 404 = z, 0 = 3*i - 4*i - z + o. Suppose i = -g + 8*g. List the prime factors of g.
3, 19
Suppose 3*w + 2*u + 24 = 0, -w + 0*u + 2*u = 0. Let i(m) = -m**2 - m + 36. Let s be i(w). Suppose 246 = s*v - 744. List the prime factors of v.
3, 5, 11
Suppose 3*f - 10 - 1 = -2*x, -2*f - 5*x = 0. Let c(i) = 7*i - f*i + 13 + 5 + 4*i. What are the prime factors of c(16)?
2, 3, 19
Suppose -5*k = -5*j + 93150 - 20585, -k = 5*j - 72577. What are the prime factors of j?
5, 2903
Suppose 354432 + 72122 + 244662 = 26*x. List the prime factors of x.
2, 7, 461
List the prime factors of (14/40 + (-7 - (-148)/20))*10684.
3, 2671
Suppose 734*o - 892847 = 697*o. What are the prime factors of o?
59, 409
Let w(f) = f**3 + f**2 - 10*f + 4. Let d be w(-4). List the prime factors of 18139/34 + (-2)/d - 4.
2, 5, 53
Let l = -5451 - -7310. What are the prime factors of l?
11, 13
Suppose -8*g + 77*g - 375272 = 8*g. List the prime factors of g.
2, 769
Let j(i) = -12*i + 3. Suppose 0 = 3*a - 7*a - 16. Let c be j(a). Let q = c + -8. What are the prime factors of q?
43
Suppose 28 + 190 = l. Suppose 0 = 7*g - 1364 + 349. Let s = l - g. What are the prime factors of s?
73
Suppose -5*x + 52179 = -4*j, 3*x - 14267 - 17056 = 5*j. What are the prime factors of x?
3, 19, 61
Suppose -5*d - 3768 = -4*y, 0 = 7*y - 12*y - 2*d + 4743. List the prime factors of y.
947
Let p(j) = -61*j - 152. Let u be p(10). Let x = u - -1341. List the prime factors of x.
3, 193
Let i(q) = 858*q**2 - 67*q + 336. What are the prime factors of i(5)?
19, 1129
Suppose -5*r = -10*r - l + 95, 4*r = 5*l + 76. Let u = -6 + r. Suppose -138 = -2*c - 5*f, c = 4*f + u + 43. What are the prime factors of c?
2
Let k(g) = 15 + 93*g - 133*g + 119*g. What are the prime factors of k(2)?
173
Suppose 0 = 2*o - a - 66767, -2*o - 100153 = -5*o - a. What are the prime factors of o?
2, 3, 13, 107
Let t be 3/3*6 - -1047. Suppose -3*q + 2*y + t = -188, 0 = -y + 2. List the prime factors of q.
5, 83
Let n(u) = 2513*u + 6713. What are the prime factors of n(17)?
2, 3, 7, 11, 107
What are the prime factors of (-295001)/(-17) + (9 - -1)?
97, 179
Suppose -3*k = 4*m - 0*k - 176, 3*m - 125 = -4*k. Let t be 3/((102/92)/17). Suppose 11 = m*o - t*o. What are the prime factors of o?
11
Suppose 2*y = 384 - 54. Suppose -y = -c - 50. List the prime factors of c.
5, 23
Let y = 2242 + 469. List the prime factors of y.
2711
Suppose -257 = 86*j + 252 + 7. Let a be (-355)/4 + 1/(-4). Let m = j - a. List the prime factors of m.
83
Let p(r) = -r - 78. Let g be p(-15). What are the prime factors of (-1815)/2*7/(g/6)?
5, 11
Suppose 5*t + 32*z = 34*z + 424802, 2*t = 5*z + 169883. List the prime factors of t.
2, 11, 1931
Suppose -44 = -2*f - 42. Let l be -2 + -1 + 275*f. Suppose -5*g = 87 - l. List the prime factors of g.
37
Suppose 0 = -3*p - r + 21133 + 7566, 2*r = -2*p + 19126. What are the prime factors of p?
2, 13, 23
Suppose 3*f + 10 = -14. Let i be (f/(-20))/(3/60*2). Suppose 2*g + t + t = 94, 3*t - 183 = -i*g. What are the prime factors of g?
2, 3, 7
Let r = 3108 + -631. Suppose -5*s + 3*m + r = 0, s + 0*s - 4*m = 509. What are the prime factors of s?
17, 29
Let k be 4*3/6 + 1*3. Suppose -8*x - 4*a - 1144 = -11*x, -4*x + k*a = -1527. What are the prime factors of x?
2, 97
Suppose -5*j = 3*l - 23, 2*j = -2*l + 6 + 8. Suppose 5*t - 5*m - 65 = 0, 11*m = -5*t + l*m + 65. Suppose 0*z - t*z = -2899. What are the prime factors of z?
223
Suppose -12 = 4*f, -3*j + 2916 = -5*f - 0*f. Suppose 3*h - j - 227 = 0. Suppose -7*i - 41 = -h. What are the prime factors of i?
3, 17
Let j(p) = 47*p**2 - 2*p. Let s be j(2). Let h be (-11)/((-297)/(-126))*9. Let c = s + h. What are the prime factors of c?
2, 71
List the prime factors of 12/(-3)*-2516 - (42/2 + -23).
2, 7, 719
Let u be 1/((-3)/(-24)) - (-15)/(-5). Suppose -k - 858 - 815 = -u*o, -2*k = 4*o - 1344. List the prime factors of o.
5, 67
Suppose p - 8*p = -63. Let t be 151/p*19 + 8/36. Let i = t - 181. What are the prime factors of i?
2, 3, 23
Suppose 139 - 1077 = 7*u. Suppose 5*h - 960 = 10*h. Let m = u - h. List the prime factors of m.
2, 29
Suppose 21522 + 7416 = 6*c. Suppose -4*l + p + 6431 = 0, -9*l + 12*l = p + c. List the prime factors of l.
2, 3, 67
Let z(t) = -9*t**2 - 7*t - 10. Let u be z(-4). Let g = u - -515. What are the prime factors of g?
389
Suppose 4*p - 4*d + 352 = 0, 4*p + 171 = -5*d - 172. Let i = p - -215. Suppose 10*v - i = 6*v. List the prime factors of v.
2
Let c(t) = -8690*t + 3798. List the prime factors of c(-7).
2, 107, 151
Suppose -5*k = -2*t + 12809, t - k - 443 - 5957 = 0. What are the prime factors of t?
6397
Let m = 5526 + -2339. Suppose d + 1053 = j, -8*j - 4*d = -5*j - m. What are the prime factors of j?
7, 151
Suppose -g - 20038 = -2*w, -3*w - 166*g + 30057 = -161*g. List the prime factors of w.
43, 233
Let b(k) = 24*k**3 + 7*k**2 - 13*k + 32. Let r be b(3). Suppose c - r = 249. What are the prime factors of c?
953
Let o(z) be the second derivative of 3*z**5/40 - 5*z**4/12 - z**3 - 6*z. Let w(r) be the second derivative of o(r). List the prime factors of w(6).
2, 11
Let u(g) = g**3 + 20*g**2 + 36*g - 36. Let w be u(-18). Let i = -33 - w. Suppose 0 = -2*x + 3*l + 134, 3*l = i*x - 39 - 156. List the prime factors of x.
61
Let z be (2*(-8)/12)/(4/(-48)). Suppose -9*n = -z*n + 4760. List the prime factors of n.
2, 5, 17
Suppose 306512 = 10*t + 10*t + 27232. List the prime factors of t.
2, 3491
Let h be (2/4)/(((-3)/2)/(-3)). Let r(p) = 386*p**2 + p. What are the prime factors of r(h)?
3, 43
Suppose 104*o + 6*o - 8562816 = 14*o. List the prime factors of o.
2, 3, 7433
Let j = 189 + -134. Suppose -5*b + b = 4*y - 72, -4*y - 4 = 0. Let q = b + j. What are the prime factors of q?
2, 37
Suppose 0 = -14*w - 175584 + 48794 + 924454. List the prime factors of w.
2, 3, 1187
What are the prime factors of (12928/(-3) - -4)/((-6)/90*5)?
2, 3229
Let y = 1203 + -1710. Let d = y - -1485. List the prime factors of d.
2, 3, 163
Suppose -j + 4*y = 170, 3*j - 3*y = -530 